{"id":14775,"date":"2022-12-09T11:25:29","date_gmt":"2022-12-09T10:25:29","guid":{"rendered":"https:\/\/www.neukoellneroper.de\/?post_type=play&#038;p=14775"},"modified":"2023-01-25T12:02:48","modified_gmt":"2023-01-25T11:02:48","slug":"wunderkammer-ix-der-unsterbliche-mensch-oder-vom-ende-der-wunder","status":"publish","type":"play","link":"https:\/\/www.neukoellneroper.de\/en\/performance\/wunderkammer-ix-der-unsterbliche-mensch-oder-vom-ende-der-wunder\/","title":{"rendered":"Wunderkammer IX:<br \/>DER UNSTERBLICHE Mensch<br \/>oder vom Ende Der Wunder"},"content":{"rendered":"\n<figure class=\"wp-block-image size-large is-style-rounded\"><img width=\"1101\" height=\"734\" loading=\"lazy\"src=\"https:\/\/www.neukoellneroper.de\/wp-content\/uploads\/2022\/12\/WK-Transhumanismus-edited.jpg\" alt=\"\" class=\"wp-image-14683\" srcset=\"https:\/\/www.neukoellneroper.de\/wp-content\/uploads\/2022\/12\/WK-Transhumanismus-edited.jpg 1101w, https:\/\/www.neukoellneroper.de\/wp-content\/uploads\/2022\/12\/WK-Transhumanismus-edited-768x512.jpg 768w, https:\/\/www.neukoellneroper.de\/wp-content\/uploads\/2022\/12\/WK-Transhumanismus-edited-50x33.jpg 50w\" sizes=\"auto, (max-width: 1101px) 100vw, 1101px\" \/><figcaption class=\"wp-element-caption\">\u00a9 Sabrina Rossetto<\/figcaption><\/figure>\n\n\n\n\n\n\n\n<p>Hasn&#8217;t it always been a dream of mankind to escape its own limitations? Will it be fulfilled in this century, when nanobots repair the body and transhumanism promises eternal life? In the Wunderkammer der Jetztzeit, the Humboldt Laboratory in the Humboldt Forum with its forest of exhibits, we invite you to a parcours that leads to musical, scientific and performative images, experiences and encounters: In doing so, it guides us through sound worlds of the Teichmann brothers and the multi-instrumentalist Sebastian Lange to automata and today&#8217;s robots. Based on ideas from the Renaissance and the Enlightenment as well as concepts of transhumanism, the WUNDERKAMMER takes a look at the &#8220;immortal human being&#8221; &#8211; in the field of tension between technical-scientific feasibility, ethics and faith. What value do we want to assign to ourselves, to human life even in its limitedness and imperfection? And what impulses could be given by other than techno<br>perspectives give?<\/p>\n\n\n\n<p class=\"has-00-aa-4-f-background-color has-background\"><strong>WITH<\/strong> Dipl.-Pol. Christopher Coenen (Institut f\u00fcr Technikfolgenabsch\u00e4tzung und Systemanalyse am KIT), Prof. Dr. Regine Kather (Universit\u00e4t Freiburg \/ Philosophisches Seminar) and Music by Gebr\u00fcder Teichmann (Live-Elektronics, sound objects) and Sebastian Lange (wind instruments)<br><br><strong>CONCEPTION<\/strong> Bernhard Glocksin, Sabrina Rossetto, Christopher Coenen <strong>MODERATION <\/strong>Bernhard Glocksin<\/p>\n\n\n\n<p class=\"has-text-align-center has-edba-3-d-background-color has-background\"><strong>LOCATION: <\/strong><br><strong>Humboldt Labor at Humboldt Forum<br>Schlo\u00dfplatz<br>10178 Berlin<\/strong><br><br><strong>Access via<\/strong> <strong>Passage (Portal 2 and 4 on the north and south side)<\/strong><\/p>\n\n\n\n<p class=\"has-text-align-center\">in cooperation with<\/p>\n\n\n<div class=\"wp-block-image\">\n<figure class=\"aligncenter size-full is-resized\"><img loading=\"lazy\"src=\"https:\/\/www.neukoellneroper.de\/wp-content\/uploads\/2023\/01\/HU_Siegel_RGB.png\" alt=\"\" class=\"wp-image-14961\" width=\"272\" height=\"270\" srcset=\"https:\/\/www.neukoellneroper.de\/wp-content\/uploads\/2023\/01\/HU_Siegel_RGB.png 851w, https:\/\/www.neukoellneroper.de\/wp-content\/uploads\/2023\/01\/HU_Siegel_RGB-768x763.png 768w, https:\/\/www.neukoellneroper.de\/wp-content\/uploads\/2023\/01\/HU_Siegel_RGB-50x50.png 50w\" sizes=\"auto, (max-width: 272px) 100vw, 272px\" \/><\/figure>\n<\/div>\n\n\n<p class=\"has-text-align-center\" id=\"block-2cac2e11-5e52-4b9d-ad8e-d2387d6b0276\">kindly supported by<\/p>\n\n\n<div class=\"wp-block-image\">\n<figure class=\"aligncenter size-full is-resized\"><img loading=\"lazy\"src=\"https:\/\/www.neukoellneroper.de\/wp-content\/uploads\/2023\/01\/Logo-science-of-intelligence.png\" alt=\"\" class=\"wp-image-15117\" width=\"286\" height=\"138\" srcset=\"https:\/\/www.neukoellneroper.de\/wp-content\/uploads\/2023\/01\/Logo-science-of-intelligence.png 640w, https:\/\/www.neukoellneroper.de\/wp-content\/uploads\/2023\/01\/Logo-science-of-intelligence-50x24.png 50w\" sizes=\"auto, (max-width: 286px) 100vw, 286px\" \/><\/figure>\n<\/div>\n\n\n<p class=\"has-text-align-center\" id=\"block-2cac2e11-5e52-4b9d-ad8e-d2387d6b0276\">An event within the <a href=\"https:\/\/www.neukoellneroper.de\/play\/wunderkammer-2\/\">WUNDERKAMMER<\/a> series in cooperation with<\/p>\n\n\n<div class=\"wp-block-image\">\n<figure class=\"aligncenter\" id=\"block-2e5f28f3-bcf2-4a44-9d76-5edd06188651\"><img loading=\"lazy\"src=\"https:\/\/www.neukoellneroper.de\/wp-content\/uploads\/2020\/09\/print_logo_schering-stiftung.png\" alt=\"Dieses Bild hat ein leeres Alt-Attribut. Der Dateiname ist print_logo_schering-stiftung.png\"\/><\/figure>\n<\/div>\n\n\n<div class=\"wp-block-media-text alignwide is-stacked-on-mobile has-ffffff-color has-000000-background-color has-text-color has-background\"><figure class=\"wp-block-media-text__media\"><img width=\"540\" height=\"463\" loading=\"lazy\"src=\"https:\/\/www.neukoellneroper.de\/wp-content\/uploads\/2022\/09\/2021_09_09_wunderkammer_-71-540x463.jpg\" alt=\"\" class=\"wp-image-14293 size-medium portrait\" \/><\/figure><div class=\"wp-block-media-text__content\">\n<p>This event is part of the WUNDERKAMMER series, which &#8211; spread over several seasons &#8211; focuses on different aspects and phenomena of the world. &nbsp;&nbsp;<\/p>\n\n\n\n<div class=\"wp-block-buttons is-layout-flex wp-block-buttons-is-layout-flex\">\n<div class=\"wp-block-button is-style-fill\"><a class=\"wp-block-button__link has-00-aa-4-f-background-color has-background wp-element-button\" href=\"https:\/\/www.neukoellneroper.de\/en\/performance\/wunderkammer-2\/\">Learn More<\/a><\/div>\n<\/div>\n<\/div><\/div>\n\n\n\n<p class=\"has-text-align-left has-00-aa-4-f-background-color has-background\"><strong>WUNDERKAMMER-POST<\/strong><br>Stay tuned: Sign up for the Wunderkammer-Newsletter here: <a rel=\"noreferrer noopener\" href=\"mailto:wunderkammer@neukoellneroper.de\" target=\"_blank\">wunderkammer@neukoellneroper.de<\/a><\/p>\n","protected":false},"excerpt":{"rendered":"<p>Hasn&#8217;t it always been a dream of mankind to escape its own limitations? Will it be fulfilled in this century, when nanobots repair the body and transhumanism promises eternal life? In the Wunderkammer der Jetztzeit, the Humboldt Laboratory in the Humboldt Forum with its forest of exhibits, we invite you to a parcours that leads [&hellip;]<\/p>\n","protected":false},"featured_media":14680,"parent":0,"template":"","meta":{"_subtitle":"","_locale":"en_US","_original_post":"https:\/\/www.neukoellneroper.de\/?post_type=play&p=14675","_performance_start":"2023-03-29T00:00:00","_performance_end":"2023-03-30T23:59:59","_performance_bilettix_event_id":"77","_performance_sales_info":"LOCATION:\nHumboldt Labor, Schlo\u00dfplatz 1, 10178 Berlin","_performance_sold_out_info":"","_performance_premiereless":false,"_pinkie_id":0,"_cast":[],"footnotes":""},"event_type":[39],"event_format":[],"class_list":["post-14775","play","type-play","status-publish","has-post-thumbnail","hentry","event_type-wunderkammer","en-US"],"_links":{"self":[{"href":"https:\/\/www.neukoellneroper.de\/wp-json\/wp\/v2\/play\/14775","targetHints":{"allow":["GET"]}}],"collection":[{"href":"https:\/\/www.neukoellneroper.de\/wp-json\/wp\/v2\/play"}],"about":[{"href":"https:\/\/www.neukoellneroper.de\/wp-json\/wp\/v2\/types\/play"}],"version-history":[{"count":10,"href":"https:\/\/www.neukoellneroper.de\/wp-json\/wp\/v2\/play\/14775\/revisions"}],"predecessor-version":[{"id":15120,"href":"https:\/\/www.neukoellneroper.de\/wp-json\/wp\/v2\/play\/14775\/revisions\/15120"}],"wp:featuredmedia":[{"embeddable":true,"href":"https:\/\/www.neukoellneroper.de\/wp-json\/wp\/v2\/media\/14680"}],"wp:attachment":[{"href":"https:\/\/www.neukoellneroper.de\/wp-json\/wp\/v2\/media?parent=14775"}],"wp:term":[{"taxonomy":"event_type","embeddable":true,"href":"https:\/\/www.neukoellneroper.de\/wp-json\/wp\/v2\/event_type?post=14775"},{"taxonomy":"event_format","embeddable":true,"href":"https:\/\/www.neukoellneroper.de\/wp-json\/wp\/v2\/event_format?post=14775"}],"curies":[{"name":"wp","href":"https:\/\/api.w.org\/{rel}","templated":true}]}}

<figure class="wp-block-image size-large is-style-rounded"><img width="1101" height="734" loading="lazy"src="https://www.neukoellneroper.de/wp-content/uploads/2022/12/WK-Transhumanismus-edited.jpg" alt="" class="wp-image-14683" srcset="https://www.neukoellneroper.de/wp-content/uploads/2022/12/WK-Transhumanismus-edited.jpg 1101w, https://www.neukoellneroper.de/wp-content/uploads/2022/12/WK-Transhumanismus-edited-768x512.jpg 768w, https://www.neukoellneroper.de/wp-content/uploads/2022/12/WK-Transhumanismus-edited-50x33.jpg 50w" sizes="auto, (max-width: 1101px) 100vw, 1101px" /><figcaption class="wp-element-caption">© Sabrina Rossetto</figcaption></figure>







<p>Hasn&#8217;t it always been a dream of mankind to escape its own limitations? Will it be fulfilled in this century, when nanobots repair the body and transhumanism promises eternal life? In the Wunderkammer der Jetztzeit, the Humboldt Laboratory in the Humboldt Forum with its forest of exhibits, we invite you to a parcours that leads to musical, scientific and performative images, experiences and encounters: In doing so, it guides us through sound worlds of the Teichmann brothers and the multi-instrumentalist Sebastian Lange to automata and today&#8217;s robots. Based on ideas from the Renaissance and the Enlightenment as well as concepts of transhumanism, the WUNDERKAMMER takes a look at the &#8220;immortal human being&#8221; &#8211; in the field of tension between technical-scientific feasibility, ethics and faith. What value do we want to assign to ourselves, to human life even in its limitedness and imperfection? And what impulses could be given by other than techno<br>perspectives give?</p>



<p class="has-00-aa-4-f-background-color has-background"><strong>WITH</strong> Dipl.-Pol. Christopher Coenen (Institut für Technikfolgenabschätzung und Systemanalyse am KIT), Prof. Dr. Regine Kather (Universität Freiburg / Philosophisches Seminar) and Music by Gebrüder Teichmann (Live-Elektronics, sound objects) and Sebastian Lange (wind instruments)<br><br><strong>CONCEPTION</strong> Bernhard Glocksin, Sabrina Rossetto, Christopher Coenen <strong>MODERATION </strong>Bernhard Glocksin</p>



<p class="has-text-align-center has-edba-3-d-background-color has-background"><strong>LOCATION: </strong><br><strong>Humboldt Labor at Humboldt Forum<br>Schloßplatz<br>10178 Berlin</strong><br><br><strong>Access via</strong> <strong>Passage (Portal 2 and 4 on the north and south side)</strong></p>



<p class="has-text-align-center">in cooperation with</p>


<div class="wp-block-image">
<figure class="aligncenter size-full is-resized"><img loading="lazy"src="https://www.neukoellneroper.de/wp-content/uploads/2023/01/HU_Siegel_RGB.png" alt="" class="wp-image-14961" width="272" height="270" srcset="https://www.neukoellneroper.de/wp-content/uploads/2023/01/HU_Siegel_RGB.png 851w, https://www.neukoellneroper.de/wp-content/uploads/2023/01/HU_Siegel_RGB-768x763.png 768w, https://www.neukoellneroper.de/wp-content/uploads/2023/01/HU_Siegel_RGB-50x50.png 50w" sizes="auto, (max-width: 272px) 100vw, 272px" /></figure>
</div>


<p class="has-text-align-center" id="block-2cac2e11-5e52-4b9d-ad8e-d2387d6b0276">kindly supported by</p>


<div class="wp-block-image">
<figure class="aligncenter size-full is-resized"><img loading="lazy"src="https://www.neukoellneroper.de/wp-content/uploads/2023/01/Logo-science-of-intelligence.png" alt="" class="wp-image-15117" width="286" height="138" srcset="https://www.neukoellneroper.de/wp-content/uploads/2023/01/Logo-science-of-intelligence.png 640w, https://www.neukoellneroper.de/wp-content/uploads/2023/01/Logo-science-of-intelligence-50x24.png 50w" sizes="auto, (max-width: 286px) 100vw, 286px" /></figure>
</div>


<p class="has-text-align-center" id="block-2cac2e11-5e52-4b9d-ad8e-d2387d6b0276">An event within the <a href="https://www.neukoellneroper.de/play/wunderkammer-2/">WUNDERKAMMER</a> series in cooperation with</p>


<div class="wp-block-image">
<figure class="aligncenter" id="block-2e5f28f3-bcf2-4a44-9d76-5edd06188651"><img loading="lazy"src="https://www.neukoellneroper.de/wp-content/uploads/2020/09/print_logo_schering-stiftung.png" alt="Dieses Bild hat ein leeres Alt-Attribut. Der Dateiname ist print_logo_schering-stiftung.png"/></figure>
</div>


<div class="wp-block-media-text alignwide is-stacked-on-mobile has-ffffff-color has-000000-background-color has-text-color has-background"><figure class="wp-block-media-text__media"><img width="540" height="463" loading="lazy"src="https://www.neukoellneroper.de/wp-content/uploads/2022/09/2021_09_09_wunderkammer_-71-540x463.jpg" alt="" class="wp-image-14293 size-medium portrait" /></figure><div class="wp-block-media-text__content">
<p>This event is part of the WUNDERKAMMER series, which &#8211; spread over several seasons &#8211; focuses on different aspects and phenomena of the world. &nbsp;&nbsp;</p>



<div class="wp-block-buttons is-layout-flex wp-block-buttons-is-layout-flex">
<div class="wp-block-button is-style-fill"><a class="wp-block-button__link has-00-aa-4-f-background-color has-background wp-element-button" href="https://www.neukoellneroper.de/en/performance/wunderkammer-2/">Learn More</a></div>
</div>
</div></div>



<p class="has-text-align-left has-00-aa-4-f-background-color has-background"><strong>WUNDERKAMMER-POST</strong><br>Stay tuned: Sign up for the Wunderkammer-Newsletter here: <a rel="noreferrer noopener" href="mailto:wunderkammer@neukoellneroper.de" target="_blank">wunderkammer@neukoellneroper.de</a></p>

LOCATION:
Humboldt Labor, Schloßplatz 1, 10178 Berlin
