{"id":22217,"date":"2025-10-28T11:40:04","date_gmt":"2025-10-28T10:40:04","guid":{"rendered":"https:\/\/www.neukoellneroper.de\/?post_type=play&#038;p=22217"},"modified":"2025-11-21T16:25:25","modified_gmt":"2025-11-21T15:25:25","slug":"the-biggest-crime","status":"publish","type":"play","link":"https:\/\/www.neukoellneroper.de\/en\/performance\/the-biggest-crime\/","title":{"rendered":"The Biggest Crime"},"content":{"rendered":"\n<figure class=\"wp-block-image size-large\"><img width=\"1100\" height=\"466\" loading=\"lazy\"src=\"https:\/\/www.neukoellneroper.de\/wp-content\/uploads\/2025\/10\/biggest-crime-1100x466.jpg\" alt=\"\" class=\"wp-image-22212\" srcset=\"https:\/\/www.neukoellneroper.de\/wp-content\/uploads\/2025\/10\/biggest-crime-1100x466.jpg 1100w, https:\/\/www.neukoellneroper.de\/wp-content\/uploads\/2025\/10\/biggest-crime-768x325.jpg 768w, https:\/\/www.neukoellneroper.de\/wp-content\/uploads\/2025\/10\/biggest-crime-1536x651.jpg 1536w, https:\/\/www.neukoellneroper.de\/wp-content\/uploads\/2025\/10\/biggest-crime-2048x868.jpg 2048w, https:\/\/www.neukoellneroper.de\/wp-content\/uploads\/2025\/10\/biggest-crime-50x21.jpg 50w\" sizes=\"auto, (max-width: 1100px) 100vw, 1100px\" \/><figcaption class=\"wp-element-caption\">\u00a9 Femizide stoppen! (@femizide_stoppen)<\/figcaption><\/figure>\n\n\n\n<p>Almost every third day in Germany, a woman is killed because of her gender. The perpetrators are always men, most often from the immediate social environment. These murders represent the catastrophic, dehumanizing endpoint of psychological and physical violence against partners and ex-partners, daughters, and mothers within patriarchy. Femicide is carried out under the societal guise of a \u201ccrime of passion.\u201d On stages across the country, femicides are additionally presented night after night as a \u201cgood murder,\u201d a \u201cbeautiful murder,\u201d as it is called in Alban Berg\u2019s opera <em>Wozzeck<\/em>.<\/p>\n\n\n\n<p>The music theatre performance CRIME OF PASSION by Berlin-based performer and singer Anthony H\u00fcseyin investigates the killing of women on the opera stage, its historical roots, and its presence in our everyday lives. Fatma Aydemir, Alvina Chamberland, and Martha-Luise Urbanek also engage with violence against FLINTA+ in their artistic, literary, performative, and journalistic practices \u2013 both on a personal and structural level. On the occasion of the International Day for the Elimination of Violence against Women, and following H\u00fcseyin\u2019s performance, they will collectively approach the topic of femicide<\/p>\n\n\n\n<p>Free admission \u2013 in English<\/p>\n\n\n\n<p class=\"has-fcfc-7-f-background-color has-background\"><strong>WITH<\/strong> Fatma Aydemir, Alvina Chamberland,&nbsp;Anthony H\u00fcseyin and Martha-Luise Urbanek&nbsp;<\/p>\n\n\n\n<div class=\"slider\" class=\"wp-block-acv-slider\"><figure class=\"wp-block-image size-large\"><img decoding=\"async\" loading=\"lazy\"data-id=\"22510\" src=\"https:\/\/www.neukoellneroper.de\/wp-content\/uploads\/2025\/11\/Fatma-Aydemir-@-Bahar-Kaygusuz-e1763726671323-1100x618.jpg\" alt=\"\" title=\"\" width=\"1100\" height=\"618\"\/><figcaption class=\"slide-caption\">Fatma Aydemir \u00a9 Bahar Kaygusuz<\/figcaption><\/figure><figure class=\"wp-block-image size-large\"><img decoding=\"async\" loading=\"lazy\"data-id=\"22509\" src=\"https:\/\/www.neukoellneroper.de\/wp-content\/uploads\/2025\/11\/Alvina-Chamberland-@-Tiresia-e1763726613945.jpg\" alt=\"\" title=\"\"\/><figcaption class=\"slide-caption\">Alvina Chamberland \u00a9 Tiresia<\/figcaption><\/figure><figure class=\"wp-block-image size-large\"><img decoding=\"async\" loading=\"lazy\"data-id=\"22512\" src=\"https:\/\/www.neukoellneroper.de\/wp-content\/uploads\/2025\/11\/CRIME_VH58312-e1763726724749-1100x620.jpg\" alt=\"\" title=\"\" width=\"1100\" height=\"620\"\/><figcaption class=\"slide-caption\">Anthony H\u00fcseyin \u00a9 Peter van Heesen<\/figcaption><\/figure><figure class=\"wp-block-image size-large\"><img decoding=\"async\" loading=\"lazy\"data-id=\"22511\" src=\"https:\/\/www.neukoellneroper.de\/wp-content\/uploads\/2025\/11\/Martha-Urbanek-@-Reiner-Nicklas-scaled-e1763726565293-1100x619.jpg\" alt=\"\" title=\"\" width=\"1100\" height=\"619\"\/><figcaption class=\"slide-caption\">Martha-Luise Urbanek \u00a9 Reiner Nicklas<\/figcaption><\/figure><\/div>\n\n\n\n<p><strong>Fatma Aydemir<\/strong> is a novelist and columnist for the British daily newspaper The Guardian. Her novels <em>Ellbogen<\/em> (2017) and <em>Dschinns<\/em> (2022) have received multiple awards and adaptations. Her play <em>Doktormutter Faust<\/em> premiered in 2023. She is also co-editor of the literary magazine Delfi.<\/p>\n\n\n\n<p><strong>Alvina Chamberland<\/strong> is a Swedish-US American author of predominantly literary autofiction novels. In 2015 Bokf\u00f6rlaget ETC published her co-authored book <em>Allt som \u00e4r Mitt: V\u00e5ldt\u00e4kt, Stigmatisering och Uppr\u00e4ttelse<\/em> (English translation: All that is mine: Rape, Stigmatization and Reparation). The book received a grant from the Swedish Arts Council. In September 2018 her novel <em>Utel\u00e5st \u2013 Uppv\u00e4xt- nostalgi f\u00f6r freaks<\/em> (Locked Out \u2013 A nostalgic account of growing up for freaks) a parody of the coming of age-genre, was published by Dockhaveri F\u00f6rlag. She resides between Athens and Berlin and has no real hobbies, only intensity and serenity. Her English language debut novel Love the World or Get Killed Trying (2024), was heralded by Shakespeare and Co. Paris as one of the 121 greatest books of the 21st century.<\/p>\n\n\n\n<p><strong>Anthony H\u00fcseyin<\/strong> is a non-binary musician and performer of Kurdish-Turkish and Arab heritage. Born in Urfa and raised in Istanbul, Anthony studied classical singing and jazz vocals, completing a Master\u2019s degree in jazz singing in the Netherlands. Anthony currently lives in Berlin and creates art that intertwines music, performance, and activism.<\/p>\n\n\n\n<p>The young mezzo-soprano <strong>Martha-Luise Urbanek<\/strong> has been engaged at the Volkstheater Rostock since the 2025\/26 season, where she will appear among others as H\u00e4nsel in Humperdinck\u2019s <em>H\u00e4nsel und Gretel<\/em> and Isa in <em>Tschick<\/em>. Previously, she sang and performed at the Mecklenburg State Theatre Schwerin as part of the opera studio, taking on roles such as Valencienne in <em>The Merry Widow<\/em> and Merc\u00e9d\u00e8s in <em>Carmen<\/em>. In Schwerin, Vienna, and Berlin she was also part of Florentina Holzinger\u2019s opera performance <em>Sancta<\/em>. Urbanek additionally seeks challenges in interdisciplinary music theatre projects within the independent scene, collaborating with the dance and vocal ensemble CHOREOS, the Berlin music theatre collective glanz&amp;krawall, and the theatre and cultural collective Freigeister Rostock e.V. She is a recipient of the Deutschlandstipendium and the Lions Music Prize. In 2024 she was nominated by the specialist magazine Opernwelt as \u201cYoung Singer of the Year.\u201d<\/p>\n","protected":false},"excerpt":{"rendered":"<p>Almost every third day in Germany, a woman is killed because of her gender. The perpetrators are always men, most often from the immediate social environment. These murders represent the catastrophic, dehumanizing endpoint of psychological and physical violence against partners and ex-partners, daughters, and mothers within patriarchy. Femicide is carried out under the societal guise [&hellip;]<\/p>\n","protected":false},"featured_media":22212,"parent":0,"template":"","meta":{"_subtitle":"<br>on the occasion of the International Day for the Elimination of Violence against Women","_locale":"en_US","_original_post":"https:\/\/www.neukoellneroper.de\/?post_type=play&p=22210","_performance_start":"2025-11-25T00:00:00","_performance_end":"","_performance_bilettix_event_id":"151","_performance_sales_info":"","_performance_sold_out_info":"Free admission","_performance_premiereless":true,"_pinkie_id":22212,"_cast":[],"footnotes":""},"event_type":[120],"event_format":[],"class_list":["post-22217","play","type-play","status-publish","has-post-thumbnail","hentry","event_type-talk","en-US"],"_links":{"self":[{"href":"https:\/\/www.neukoellneroper.de\/wp-json\/wp\/v2\/play\/22217","targetHints":{"allow":["GET"]}}],"collection":[{"href":"https:\/\/www.neukoellneroper.de\/wp-json\/wp\/v2\/play"}],"about":[{"href":"https:\/\/www.neukoellneroper.de\/wp-json\/wp\/v2\/types\/play"}],"version-history":[{"count":15,"href":"https:\/\/www.neukoellneroper.de\/wp-json\/wp\/v2\/play\/22217\/revisions"}],"predecessor-version":[{"id":22533,"href":"https:\/\/www.neukoellneroper.de\/wp-json\/wp\/v2\/play\/22217\/revisions\/22533"}],"wp:featuredmedia":[{"embeddable":true,"href":"https:\/\/www.neukoellneroper.de\/wp-json\/wp\/v2\/media\/22212"}],"wp:attachment":[{"href":"https:\/\/www.neukoellneroper.de\/wp-json\/wp\/v2\/media?parent=22217"}],"wp:term":[{"taxonomy":"event_type","embeddable":true,"href":"https:\/\/www.neukoellneroper.de\/wp-json\/wp\/v2\/event_type?post=22217"},{"taxonomy":"event_format","embeddable":true,"href":"https:\/\/www.neukoellneroper.de\/wp-json\/wp\/v2\/event_format?post=22217"}],"curies":[{"name":"wp","href":"https:\/\/api.w.org\/{rel}","templated":true}]}}

<figure class="wp-block-image size-large"><img width="1100" height="466" loading="lazy"src="https://www.neukoellneroper.de/wp-content/uploads/2025/10/biggest-crime-1100x466.jpg" alt="" class="wp-image-22212" srcset="https://www.neukoellneroper.de/wp-content/uploads/2025/10/biggest-crime-1100x466.jpg 1100w, https://www.neukoellneroper.de/wp-content/uploads/2025/10/biggest-crime-768x325.jpg 768w, https://www.neukoellneroper.de/wp-content/uploads/2025/10/biggest-crime-1536x651.jpg 1536w, https://www.neukoellneroper.de/wp-content/uploads/2025/10/biggest-crime-2048x868.jpg 2048w, https://www.neukoellneroper.de/wp-content/uploads/2025/10/biggest-crime-50x21.jpg 50w" sizes="auto, (max-width: 1100px) 100vw, 1100px" /><figcaption class="wp-element-caption">© Femizide stoppen! (@femizide_stoppen)</figcaption></figure>



<p>Almost every third day in Germany, a woman is killed because of her gender. The perpetrators are always men, most often from the immediate social environment. These murders represent the catastrophic, dehumanizing endpoint of psychological and physical violence against partners and ex-partners, daughters, and mothers within patriarchy. Femicide is carried out under the societal guise of a “crime of passion.” On stages across the country, femicides are additionally presented night after night as a “good murder,” a “beautiful murder,” as it is called in Alban Berg’s opera <em>Wozzeck</em>.</p>



<p>The music theatre performance CRIME OF PASSION by Berlin-based performer and singer Anthony Hüseyin investigates the killing of women on the opera stage, its historical roots, and its presence in our everyday lives. Fatma Aydemir, Alvina Chamberland, and Martha-Luise Urbanek also engage with violence against FLINTA+ in their artistic, literary, performative, and journalistic practices – both on a personal and structural level. On the occasion of the International Day for the Elimination of Violence against Women, and following Hüseyin’s performance, they will collectively approach the topic of femicide</p>



<p>Free admission – in English</p>



<p class="has-fcfc-7-f-background-color has-background"><strong>WITH</strong> Fatma Aydemir, Alvina Chamberland,&nbsp;Anthony Hüseyin and Martha-Luise Urbanek&nbsp;</p>



<div class="slider" class="wp-block-acv-slider"><figure class="wp-block-image size-large"><img decoding="async" loading="lazy"data-id="22510" src="https://www.neukoellneroper.de/wp-content/uploads/2025/11/Fatma-Aydemir-@-Bahar-Kaygusuz-e1763726671323-1100x618.jpg" alt="" title="" width="1100" height="618"/><figcaption class="slide-caption">Fatma Aydemir © Bahar Kaygusuz</figcaption></figure><figure class="wp-block-image size-large"><img decoding="async" loading="lazy"data-id="22509" src="https://www.neukoellneroper.de/wp-content/uploads/2025/11/Alvina-Chamberland-@-Tiresia-e1763726613945.jpg" alt="" title=""/><figcaption class="slide-caption">Alvina Chamberland © Tiresia</figcaption></figure><figure class="wp-block-image size-large"><img decoding="async" loading="lazy"data-id="22512" src="https://www.neukoellneroper.de/wp-content/uploads/2025/11/CRIME_VH58312-e1763726724749-1100x620.jpg" alt="" title="" width="1100" height="620"/><figcaption class="slide-caption">Anthony Hüseyin © Peter van Heesen</figcaption></figure><figure class="wp-block-image size-large"><img decoding="async" loading="lazy"data-id="22511" src="https://www.neukoellneroper.de/wp-content/uploads/2025/11/Martha-Urbanek-@-Reiner-Nicklas-scaled-e1763726565293-1100x619.jpg" alt="" title="" width="1100" height="619"/><figcaption class="slide-caption">Martha-Luise Urbanek © Reiner Nicklas</figcaption></figure></div>



<p><strong>Fatma Aydemir</strong> is a novelist and columnist for the British daily newspaper The Guardian. Her novels <em>Ellbogen</em> (2017) and <em>Dschinns</em> (2022) have received multiple awards and adaptations. Her play <em>Doktormutter Faust</em> premiered in 2023. She is also co-editor of the literary magazine Delfi.</p>



<p><strong>Alvina Chamberland</strong> is a Swedish-US American author of predominantly literary autofiction novels. In 2015 Bokförlaget ETC published her co-authored book <em>Allt som är Mitt: Våldtäkt, Stigmatisering och Upprättelse</em> (English translation: All that is mine: Rape, Stigmatization and Reparation). The book received a grant from the Swedish Arts Council. In September 2018 her novel <em>Utelåst – Uppväxt- nostalgi för freaks</em> (Locked Out – A nostalgic account of growing up for freaks) a parody of the coming of age-genre, was published by Dockhaveri Förlag. She resides between Athens and Berlin and has no real hobbies, only intensity and serenity. Her English language debut novel Love the World or Get Killed Trying (2024), was heralded by Shakespeare and Co. Paris as one of the 121 greatest books of the 21st century.</p>



<p><strong>Anthony Hüseyin</strong> is a non-binary musician and performer of Kurdish-Turkish and Arab heritage. Born in Urfa and raised in Istanbul, Anthony studied classical singing and jazz vocals, completing a Master’s degree in jazz singing in the Netherlands. Anthony currently lives in Berlin and creates art that intertwines music, performance, and activism.</p>



<p>The young mezzo-soprano <strong>Martha-Luise Urbanek</strong> has been engaged at the Volkstheater Rostock since the 2025/26 season, where she will appear among others as Hänsel in Humperdinck’s <em>Hänsel und Gretel</em> and Isa in <em>Tschick</em>. Previously, she sang and performed at the Mecklenburg State Theatre Schwerin as part of the opera studio, taking on roles such as Valencienne in <em>The Merry Widow</em> and Mercédès in <em>Carmen</em>. In Schwerin, Vienna, and Berlin she was also part of Florentina Holzinger’s opera performance <em>Sancta</em>. Urbanek additionally seeks challenges in interdisciplinary music theatre projects within the independent scene, collaborating with the dance and vocal ensemble CHOREOS, the Berlin music theatre collective glanz&amp;krawall, and the theatre and cultural collective Freigeister Rostock e.V. She is a recipient of the Deutschlandstipendium and the Lions Music Prize. In 2024 she was nominated by the specialist magazine Opernwelt as “Young Singer of the Year.”</p>
