{"id":4547,"date":"2019-08-12T17:22:59","date_gmt":"2019-08-12T15:22:59","guid":{"rendered":"https:\/\/www.neukoellneroper.de\/?post_type=play&#038;p=4547"},"modified":"2021-09-01T21:58:27","modified_gmt":"2021-09-01T19:58:27","slug":"free-giovanni","status":"publish","type":"play","link":"https:\/\/www.neukoellneroper.de\/en\/performance\/free-giovanni\/","title":{"rendered":"GIOVANNI. A Passion"},"content":{"rendered":"<p><strong>Wolfgang Amadeus Mozart &#8211; STEGREIF.orchester &#8211; Juri de Marco &#8211; Ulrike Schwab <\/strong><\/p>\n<p><strong>World Premiere 10 October 2019. Performances through 10\u00a0 November 2019<\/strong><\/p>\n<p>Don Juan &#8211; a timeless myth? In search of answers we go back to the origin of the legend. To Seville. At his grave we gather and with the memory of him his stories awaken to new life. This is how an exuberant folk festival develops between a funeral celebration, a carnival stroll and a procession.<br \/>\nLike the &#8220;stone guest&#8221;, Giovanni himself stands like a monument on the pedestal of our story. Giovanni, this great mythical figure, is dead, and yet we know him and his activities, through which he broke all conventions. Images of women and men, role expectations, and the ambivalence of attraction, seduction, and assault are at the disposal of the viewer, of renegotiation. This is the fuel for our search, on which we probably meet more ourselves than him.<br \/>\nIn GIOVANNI. A Passion STEGREIF.orchester and Neuk\u00f6llner Oper work together for the first time, seeking different perspectives on Mozart&#8217;s opera. The boundary between instrumentalists and singers becomes blurred, together we embark on a journey &#8220;into music that weaves even further levels into history through our re-composition and improvisation,&#8221; as <a href=\"https:\/\/www.juridemarco.com\/\">Juri de Marco<\/a>, musical director of the STEGREIF.orchester, says.<br \/>\nOur GIOVANNI is less another production of the world-famous opera than an expedition into the alchemy of myth, the magic of Mozart&#8217;s music and the creativity of the 22 performers. &#8220;It would be wonderful if the audience approached this evening as curiously as an exhibition with unknown pictures, open eyes and above all an open heart. To find out what else this opera can be,&#8221; says director <a href=\"http:\/\/www.ulrike-schwab.com\/\">Ulrike Schwab<\/a> (<em>Armida, Wolfskinder, ist die Welt auch noch so sch\u00f6n<\/em>).<br \/>\nIn record time, the <a href=\"https:\/\/www.stegreif-orchester.de\/\">STEGREIF.orchester<\/a> has become a leading protagonist for innovative concerts &#8211; a pool of 30 cross-genre musicians* who love the legacy of classical music as much as free improvisation, jazz and other styles. With their concert programs <em>#freeSchubert, #freeBrahms, #freeBeethoven<\/em> and others, the ensemble tours all over Germany as well as internationally.<\/p>\n<p>Musical direction: Juri de Marco\/Anna-Sophie Br\u00fcning | Direction: Ulrike Schwab | Arrangements: Malte Schiller, Alistair Duncan, Bertram Burkert, Anna-Sophie Br\u00fcning, Juri de Marco &amp; members of the STEGREIF.orchestra | R\u00e9p\u00e9titeur: Anna-Sophie Br\u00fcning | Stage Design, Costumes: Pia Dederichs and Marina Stefan |<br \/>\nProject Idea\/Dramaturgy: Bernhard Glocksin<br \/>\nWith: Hrund \u00d3sk \u00c1rnad\u00f3ttir, Daniel Arnaldos, Derya Atakan, Thomas Florio, Enrico Wenzel, Justus Wilcken, as well as Leon Albert, Anne-Sophie Bereuter, Franz Berlin, Julia Bi\u0142at, Anna-Sophie Br\u00fcning, Bertram Burkert, Sebastian Casper, Nikola Djurica, Konstantin D\u00f6ben, Alistair Duncan, Nina Kazourian, Paul Lapp, Laura Lorx, Juri de Marco, Helena Montag, Jakob Petzl, Maria Reich, Antonio Rivero<\/p>\n<p><iframe loading=\"lazy\" title=\"GIOVANNI. Eine Passion (Trailer)\" width=\"1680\" height=\"945\" src=\"https:\/\/www.youtube.com\/embed\/laIPslIugC4?feature=oembed\" frameborder=\"0\" allow=\"accelerometer; autoplay; clipboard-write; encrypted-media; gyroscope; picture-in-picture\" allowfullscreen><\/iframe><\/p>\n<section class=\"cookie-wall\">\n<h2 class=\"widget-title\">Here you will find content from an external source.<\/h2>\n<div class=\"textwidget\">\n<p>This website uses cookies &#8211; you can find more information about this and your rights as a user in our <a href=\"\/en\/datenschutz\/\">privacy policy<\/a> at the end of the page. Click on &#8220;I agree&#8221; to accept cookies and visit our website directly.<\/p>\n<p><a class=\"wp-block-button__link\" href=\"#CCM.openWidget\">Cookies bearbeiten<\/a><\/p>\n<p>&nbsp;<\/p>\n<\/div>\n<\/section>\n<p>&nbsp;<\/p>\n<p>&nbsp;<\/p>\n<p>This is a production of the Neuk\u00f6llner Oper and the STEGREIF.orchester. It is supported by the Hauptstadtkulturfonds and the Alfred-T\u00f6pfer-Stiftung, the Karl-Schlecht-Stiftung , the Radialsystem V as well as the Ministerium f\u00fcr Wissenschaft und Kultur Niedersachsen.<\/p>\n<p><img decoding=\"async\" loading=\"lazy\"class=\"wp-image-4550 alignright\" src=\"https:\/\/www.neukoellneroper.de\/wp-content\/uploads\/2019\/08\/LogoHKF-S-RGB.gif\" alt=\"\" width=\"215\" height=\"153\" \/><\/p>\n<p><img decoding=\"async\" loading=\"lazy\"class=\"alignnone wp-image-4557\" src=\"https:\/\/www.neukoellneroper.de\/wp-content\/uploads\/2019\/08\/KSG_Logo-transp_cmyk_EPS.gif\" alt=\"\" width=\"185\" height=\"52\" \/><\/p>\n","protected":false},"excerpt":{"rendered":"<p>A passion in which Mozart meets improvisation, electro and traditional Spanish music. <\/p>\n","protected":false},"featured_media":4626,"parent":0,"template":"","meta":{"_subtitle":"","_locale":"en_US","_original_post":"4528","_performance_start":"2019-10-10T00:00:00","_performance_end":"2019-10-10T23:59:59","_performance_bilettix_event_id":"","_performance_sales_info":"","_performance_sold_out_info":"","_performance_premiereless":false,"_pinkie_id":0,"_cast":[10981,10048,10988],"footnotes":""},"event_type":[28],"event_format":[],"class_list":["post-4547","play","type-play","status-publish","has-post-thumbnail","hentry","event_type-buehnenstueck","en-US"],"_links":{"self":[{"href":"https:\/\/www.neukoellneroper.de\/wp-json\/wp\/v2\/play\/4547","targetHints":{"allow":["GET"]}}],"collection":[{"href":"https:\/\/www.neukoellneroper.de\/wp-json\/wp\/v2\/play"}],"about":[{"href":"https:\/\/www.neukoellneroper.de\/wp-json\/wp\/v2\/types\/play"}],"version-history":[{"count":22,"href":"https:\/\/www.neukoellneroper.de\/wp-json\/wp\/v2\/play\/4547\/revisions"}],"predecessor-version":[{"id":7884,"href":"https:\/\/www.neukoellneroper.de\/wp-json\/wp\/v2\/play\/4547\/revisions\/7884"}],"wp:featuredmedia":[{"embeddable":true,"href":"https:\/\/www.neukoellneroper.de\/wp-json\/wp\/v2\/media\/4626"}],"wp:attachment":[{"href":"https:\/\/www.neukoellneroper.de\/wp-json\/wp\/v2\/media?parent=4547"}],"wp:term":[{"taxonomy":"event_type","embeddable":true,"href":"https:\/\/www.neukoellneroper.de\/wp-json\/wp\/v2\/event_type?post=4547"},{"taxonomy":"event_format","embeddable":true,"href":"https:\/\/www.neukoellneroper.de\/wp-json\/wp\/v2\/event_format?post=4547"}],"curies":[{"name":"wp","href":"https:\/\/api.w.org\/{rel}","templated":true}]}}

<p><strong>Wolfgang Amadeus Mozart &#8211; STEGREIF.orchester &#8211; Juri de Marco &#8211; Ulrike Schwab </strong></p>
<p><strong>World Premiere 10 October 2019. Performances through 10  November 2019</strong></p>
<p>Don Juan &#8211; a timeless myth? In search of answers we go back to the origin of the legend. To Seville. At his grave we gather and with the memory of him his stories awaken to new life. This is how an exuberant folk festival develops between a funeral celebration, a carnival stroll and a procession.<br />
Like the &#8220;stone guest&#8221;, Giovanni himself stands like a monument on the pedestal of our story. Giovanni, this great mythical figure, is dead, and yet we know him and his activities, through which he broke all conventions. Images of women and men, role expectations, and the ambivalence of attraction, seduction, and assault are at the disposal of the viewer, of renegotiation. This is the fuel for our search, on which we probably meet more ourselves than him.<br />
In GIOVANNI. A Passion STEGREIF.orchester and Neuköllner Oper work together for the first time, seeking different perspectives on Mozart&#8217;s opera. The boundary between instrumentalists and singers becomes blurred, together we embark on a journey &#8220;into music that weaves even further levels into history through our re-composition and improvisation,&#8221; as <a href="https://www.juridemarco.com/">Juri de Marco</a>, musical director of the STEGREIF.orchester, says.<br />
Our GIOVANNI is less another production of the world-famous opera than an expedition into the alchemy of myth, the magic of Mozart&#8217;s music and the creativity of the 22 performers. &#8220;It would be wonderful if the audience approached this evening as curiously as an exhibition with unknown pictures, open eyes and above all an open heart. To find out what else this opera can be,&#8221; says director <a href="http://www.ulrike-schwab.com/">Ulrike Schwab</a> (<em>Armida, Wolfskinder, ist die Welt auch noch so schön</em>).<br />
In record time, the <a href="https://www.stegreif-orchester.de/">STEGREIF.orchester</a> has become a leading protagonist for innovative concerts &#8211; a pool of 30 cross-genre musicians* who love the legacy of classical music as much as free improvisation, jazz and other styles. With their concert programs <em>#freeSchubert, #freeBrahms, #freeBeethoven</em> and others, the ensemble tours all over Germany as well as internationally.</p>
<p>Musical direction: Juri de Marco/Anna-Sophie Brüning | Direction: Ulrike Schwab | Arrangements: Malte Schiller, Alistair Duncan, Bertram Burkert, Anna-Sophie Brüning, Juri de Marco &amp; members of the STEGREIF.orchestra | Répétiteur: Anna-Sophie Brüning | Stage Design, Costumes: Pia Dederichs and Marina Stefan |<br />
Project Idea/Dramaturgy: Bernhard Glocksin<br />
With: Hrund Ósk Árnadóttir, Daniel Arnaldos, Derya Atakan, Thomas Florio, Enrico Wenzel, Justus Wilcken, as well as Leon Albert, Anne-Sophie Bereuter, Franz Berlin, Julia Biłat, Anna-Sophie Brüning, Bertram Burkert, Sebastian Casper, Nikola Djurica, Konstantin Döben, Alistair Duncan, Nina Kazourian, Paul Lapp, Laura Lorx, Juri de Marco, Helena Montag, Jakob Petzl, Maria Reich, Antonio Rivero</p>
<p><iframe loading="lazy" title="GIOVANNI. Eine Passion (Trailer)" width="1680" height="945" src="https://www.youtube.com/embed/laIPslIugC4?feature=oembed" frameborder="0" allow="accelerometer; autoplay; clipboard-write; encrypted-media; gyroscope; picture-in-picture" allowfullscreen></iframe></p>
<section class="cookie-wall">
<h2 class="widget-title">Here you will find content from an external source.</h2>
<div class="textwidget">
<p>This website uses cookies &#8211; you can find more information about this and your rights as a user in our <a href="/en/datenschutz/">privacy policy</a> at the end of the page. Click on &#8220;I agree&#8221; to accept cookies and visit our website directly.</p>
<p><a class="wp-block-button__link" href="#CCM.openWidget">Cookies bearbeiten</a></p>
<p>&nbsp;</p>
</div>
</section>
<p>&nbsp;</p>
<p>&nbsp;</p>
<p>This is a production of the Neuköllner Oper and the STEGREIF.orchester. It is supported by the Hauptstadtkulturfonds and the Alfred-Töpfer-Stiftung, the Karl-Schlecht-Stiftung , the Radialsystem V as well as the Ministerium für Wissenschaft und Kultur Niedersachsen.</p>
<p><img decoding="async" loading="lazy"class="wp-image-4550 alignright" src="https://www.neukoellneroper.de/wp-content/uploads/2019/08/LogoHKF-S-RGB.gif" alt="" width="215" height="153" /></p>
<p><img decoding="async" loading="lazy"class="alignnone wp-image-4557" src="https://www.neukoellneroper.de/wp-content/uploads/2019/08/KSG_Logo-transp_cmyk_EPS.gif" alt="" width="185" height="52" /></p>
