{"id":5792,"date":"2020-06-22T17:08:17","date_gmt":"2020-06-22T15:08:17","guid":{"rendered":"https:\/\/www.neukoellneroper.de\/?post_type=play&#038;p=5792"},"modified":"2021-09-01T21:59:49","modified_gmt":"2021-09-01T19:59:49","slug":"lost-oder-15-meter","status":"publish","type":"play","link":"https:\/\/www.neukoellneroper.de\/en\/performance\/lost-oder-15-meter\/","title":{"rendered":"LOST (1,5 m)"},"content":{"rendered":"<p><strong>A ,Schwanengesang&#8217;<\/strong><br \/>\n<strong>by Cordula D\u00e4uper\/Johannes M\u00fcller (text) and Tobias Schwencke (music)<\/strong><\/p>\n<p>The house concert starts with Schuberts \u201cAbschied\u201d, glasses are raised in the far distance (1.5m away), trying to get under control the nervous whipping of the tip of the foot in a fancy shoe. But discomfort grows with every bar, intensified by every romantic Seufzermotif. The lady next to that is behaving strangely \u2013 and isn\u2019t she suspiciously coughing as well? Another one has got a fever, even though she always paied for her CO2-compensation on her national flights. But it might just be the alcohol speaking. While the allegedly safe inside seems to become more and more narrow, the apocalyptic outside slips and the slightly romantically flickering dawn seems to be turning into a threat.<\/p>\n<p>In LOST, the team of <a href=\"https:\/\/www.neukoellneroper.de\/en\/play\/casting-clara\/\">Casting Clara<\/a> dedicates itself to those apocalyptic scenarios, that have been shaping our future vision for years now. From recent and historical predictions, political and literary visions a claustrophobic house concert develops. Rooted in Franz Schuberts last great composition \u2013 the song cycle \u201cSchwanengesang\u201d, it cross connects with Richard Wagners doomsday fantasy \u201cG\u00f6tterd\u00e4mmerung\u201d and modern protest songs. Haven&#8217;t the dystopian future visions been part of our present for a long time, maybe they always were? And why didn&#8217;t anybody tell us, that it&#8217;s THAT serious? And: How do we ever get out of here?<\/p>\n<p>Arrangements\/Composition\/Musical Direction: Tobias Schwencke | Director\/Text Cordula D\u00e4uper | Dramaturgy\/Text: Johannes M\u00fcller | Dramaturgy: \u00c4nne-Marthe K\u00fchn | Stage: Sylvia Rieger | Costume: Sophie du Vinage | Assistant of Direction and Production: Judith Gerhardt | Musical Assistance\/Rehearsal\/Correpetition: Insa Bernds | Costume Assistant: Pauline Claus | Stage Assistant: Ann-Laure Jullian de la Fuente | Makeup: Anne-Claire Meyer | Evening Manager: Regina Triebel<\/p>\n<p>With: Karla Sengteller, Fernanda Farah, Nadja Petri, Olivia Stahn, Cathrin Romeis and Tobias Schwencke (Music Director\/Grand Piano), J\u00f6rgen Brilling\/Martin Steuber (Guitar), Horia Dumitrache\/Hugo Rodr\u00edguez (Clarinet), Josa Gerhard\/N.N. (Violin), Daniel Eichholz\/N.N. (Percussion)<\/p>\n<p><strong>world premiere on 22 October 2020.<\/strong><\/p>\n<h4>TRAILER<\/h4>\n<p><iframe loading=\"lazy\" title=\"LOST (1,5 m) - Trailer\" width=\"1680\" height=\"945\" src=\"https:\/\/www.youtube.com\/embed\/KvEY22I9cFs?feature=oembed\" frameborder=\"0\" allow=\"accelerometer; autoplay; clipboard-write; encrypted-media; gyroscope; picture-in-picture\" allowfullscreen><\/iframe><\/p>\n<section class=\"cookie-wall\">\n<h2 class=\"widget-title\">Here you will find content from an external source.<\/h2>\n<div class=\"textwidget\">\n<p>This website uses cookies &#8211; you can find more information about this and your rights as a user in our <a href=\"\/en\/datenschutz\/\">privacy policy<\/a> at the end of the page. Click on &#8220;I agree&#8221; to accept cookies and visit our website directly.<\/p>\n<p><a class=\"wp-block-button__link\" href=\"#CCM.openWidget\">Cookies bearbeiten<\/a><\/p>\n<p>&nbsp;<\/p>\n<\/div>\n<\/section>\n<hr \/>\n<h2><a href=\"https:\/\/www.neukoellneroper.de\/en\/play\/einfach-anfangen\/\">EINFACH ANFANGEN! &#8211; An Action Day for everyone<\/a><\/h2>\n<h3><span class=\"uppercase\">TANDEM EVENT ON OCTOBER 31, 2020, 4 PM<\/span><\/h3>\n<p>FREE ADMISSION, PLEASE RESERVE IN ADVANCE<\/p>\n<p>Actually, we all want the same thing, don&#8217;t we? To live more sustainably and consume more consciously in view of climate change. But somehow we often don&#8217;t quite get it right in everyday life&#8230;<br \/>\nWhile in LOST (1.5 METERS) the consequences of doing nothing become audible and visible in a tragic and poetic way, the Neuk\u00f6llner Opera House, in cooperation with the Prinzessinnengarten Kollektiv Berlin and the activist Lydia Kr\u00fcger, invites you to take action! All information about the Action Day and ticket reservations can be found <a href=\"https:\/\/www.neukoellneroper.de\/reservierung\/\">here<\/a>.<\/p>\n<hr \/>\n<p><strong>PLEASE NOTE OUR <a href=\"https:\/\/www.neukoellneroper.de\/en\/sicherheit-geht-vor\/\">SAFETY INSTRUCTIONS<\/a> FOR PURCHASING TICKETS AND VISITING OUR HOUSE.<\/strong><\/p>\n<hr \/>\n<p><em>Photo: \u00a9 Matthias Heyde<\/em><\/p>\n","protected":false},"excerpt":{"rendered":"<p>A claustrophobic house concert, rooted in Schuberts last great composition, Wagners doomsday fantasy and modern protest songs. By the team of Casting Clara.<\/p>\n","protected":false},"featured_media":6852,"parent":0,"template":"","meta":{"_subtitle":"","_locale":"en_US","_original_post":"https:\/\/www.neukoellneroper.de\/?post_type=play&p=5789","_performance_start":"2020-10-22T00:00:00","_performance_end":"2020-11-01T23:59:59","_performance_bilettix_event_id":"","_performance_sales_info":"","_performance_sold_out_info":"","_performance_premiereless":false,"_pinkie_id":0,"_cast":[],"footnotes":""},"event_type":[28],"event_format":[],"class_list":["post-5792","play","type-play","status-publish","has-post-thumbnail","hentry","event_type-buehnenstueck","en-US"],"_links":{"self":[{"href":"https:\/\/www.neukoellneroper.de\/wp-json\/wp\/v2\/play\/5792","targetHints":{"allow":["GET"]}}],"collection":[{"href":"https:\/\/www.neukoellneroper.de\/wp-json\/wp\/v2\/play"}],"about":[{"href":"https:\/\/www.neukoellneroper.de\/wp-json\/wp\/v2\/types\/play"}],"version-history":[{"count":15,"href":"https:\/\/www.neukoellneroper.de\/wp-json\/wp\/v2\/play\/5792\/revisions"}],"predecessor-version":[{"id":7148,"href":"https:\/\/www.neukoellneroper.de\/wp-json\/wp\/v2\/play\/5792\/revisions\/7148"}],"wp:featuredmedia":[{"embeddable":true,"href":"https:\/\/www.neukoellneroper.de\/wp-json\/wp\/v2\/media\/6852"}],"wp:attachment":[{"href":"https:\/\/www.neukoellneroper.de\/wp-json\/wp\/v2\/media?parent=5792"}],"wp:term":[{"taxonomy":"event_type","embeddable":true,"href":"https:\/\/www.neukoellneroper.de\/wp-json\/wp\/v2\/event_type?post=5792"},{"taxonomy":"event_format","embeddable":true,"href":"https:\/\/www.neukoellneroper.de\/wp-json\/wp\/v2\/event_format?post=5792"}],"curies":[{"name":"wp","href":"https:\/\/api.w.org\/{rel}","templated":true}]}}

<p><strong>A ,Schwanengesang&#8217;</strong><br />
<strong>by Cordula Däuper/Johannes Müller (text) and Tobias Schwencke (music)</strong></p>
<p>The house concert starts with Schuberts “Abschied”, glasses are raised in the far distance (1.5m away), trying to get under control the nervous whipping of the tip of the foot in a fancy shoe. But discomfort grows with every bar, intensified by every romantic Seufzermotif. The lady next to that is behaving strangely – and isn’t she suspiciously coughing as well? Another one has got a fever, even though she always paied for her CO2-compensation on her national flights. But it might just be the alcohol speaking. While the allegedly safe inside seems to become more and more narrow, the apocalyptic outside slips and the slightly romantically flickering dawn seems to be turning into a threat.</p>
<p>In LOST, the team of <a href="https://www.neukoellneroper.de/en/play/casting-clara/">Casting Clara</a> dedicates itself to those apocalyptic scenarios, that have been shaping our future vision for years now. From recent and historical predictions, political and literary visions a claustrophobic house concert develops. Rooted in Franz Schuberts last great composition – the song cycle “Schwanengesang”, it cross connects with Richard Wagners doomsday fantasy “Götterdämmerung” and modern protest songs. Haven&#8217;t the dystopian future visions been part of our present for a long time, maybe they always were? And why didn&#8217;t anybody tell us, that it&#8217;s THAT serious? And: How do we ever get out of here?</p>
<p>Arrangements/Composition/Musical Direction: Tobias Schwencke | Director/Text Cordula Däuper | Dramaturgy/Text: Johannes Müller | Dramaturgy: Änne-Marthe Kühn | Stage: Sylvia Rieger | Costume: Sophie du Vinage | Assistant of Direction and Production: Judith Gerhardt | Musical Assistance/Rehearsal/Correpetition: Insa Bernds | Costume Assistant: Pauline Claus | Stage Assistant: Ann-Laure Jullian de la Fuente | Makeup: Anne-Claire Meyer | Evening Manager: Regina Triebel</p>
<p>With: Karla Sengteller, Fernanda Farah, Nadja Petri, Olivia Stahn, Cathrin Romeis and Tobias Schwencke (Music Director/Grand Piano), Jörgen Brilling/Martin Steuber (Guitar), Horia Dumitrache/Hugo Rodríguez (Clarinet), Josa Gerhard/N.N. (Violin), Daniel Eichholz/N.N. (Percussion)</p>
<p><strong>world premiere on 22 October 2020.</strong></p>
<h4>TRAILER</h4>
<p><iframe loading="lazy" title="LOST (1,5 m) - Trailer" width="1680" height="945" src="https://www.youtube.com/embed/KvEY22I9cFs?feature=oembed" frameborder="0" allow="accelerometer; autoplay; clipboard-write; encrypted-media; gyroscope; picture-in-picture" allowfullscreen></iframe></p>
<section class="cookie-wall">
<h2 class="widget-title">Here you will find content from an external source.</h2>
<div class="textwidget">
<p>This website uses cookies &#8211; you can find more information about this and your rights as a user in our <a href="/en/datenschutz/">privacy policy</a> at the end of the page. Click on &#8220;I agree&#8221; to accept cookies and visit our website directly.</p>
<p><a class="wp-block-button__link" href="#CCM.openWidget">Cookies bearbeiten</a></p>
<p>&nbsp;</p>
</div>
</section>
<hr />
<h2><a href="https://www.neukoellneroper.de/en/play/einfach-anfangen/">EINFACH ANFANGEN! &#8211; An Action Day for everyone</a></h2>
<h3><span class="uppercase">TANDEM EVENT ON OCTOBER 31, 2020, 4 PM</span></h3>
<p>FREE ADMISSION, PLEASE RESERVE IN ADVANCE</p>
<p>Actually, we all want the same thing, don&#8217;t we? To live more sustainably and consume more consciously in view of climate change. But somehow we often don&#8217;t quite get it right in everyday life&#8230;<br />
While in LOST (1.5 METERS) the consequences of doing nothing become audible and visible in a tragic and poetic way, the Neuköllner Opera House, in cooperation with the Prinzessinnengarten Kollektiv Berlin and the activist Lydia Krüger, invites you to take action! All information about the Action Day and ticket reservations can be found <a href="https://www.neukoellneroper.de/reservierung/">here</a>.</p>
<hr />
<p><strong>PLEASE NOTE OUR <a href="https://www.neukoellneroper.de/en/sicherheit-geht-vor/">SAFETY INSTRUCTIONS</a> FOR PURCHASING TICKETS AND VISITING OUR HOUSE.</strong></p>
<hr />
<p><em>Photo: © Matthias Heyde</em></p>
