{"id":7620,"date":"2021-01-22T15:59:00","date_gmt":"2021-01-22T14:59:00","guid":{"rendered":"https:\/\/www.neukoellneroper.de\/?post_type=play&#038;p=7620"},"modified":"2021-10-27T15:03:18","modified_gmt":"2021-10-27T13:03:18","slug":"ay-corona","status":"publish","type":"play","link":"https:\/\/www.neukoellneroper.de\/en\/performance\/ay-corona\/","title":{"rendered":"\u00a1Ay Corona!"},"content":{"rendered":"<p><strong>A pandemic video diary by Rezan Aksoy<\/strong><\/p>\n<p>We had a plan: Director Rezan Aksoy, Fellow of the <em>Weltoffenes Berlin<\/em> program, wanted to stage his project<em> \u00a1Ay Carmela!<\/em> at the Neuk\u00f6llner Oper in conjunction with the association Kultur in Vielfalt e.V.. The story of a pair of actors who fall into the hands of fascist troops during the Spanish Civil War and have to play for them was to lay the foundation for Rezan&#8217;s artistic work in the city to which he had to flee as a political persecutee.<\/p>\n<p>But then came Corona. And as an artistic response to that, <a href=\"https:\/\/www.neukoellneroper.de\/en\/play\/zwischenmenschliche-arbeitssysteme-und-andere-liebesgeschichten\/\">Zwischenmenschliche Arbeitssysteme und andere Liebesgeschichten<\/a>, a streamed love story in which two artificial intelligences meet in a now-humanless world and discover that they have become more than learning machines.<\/p>\n<p>In conversation with Bernhard Glocksin, Artistic Director of the Neuk\u00f6lln Opera, Rezan first talks about arriving in his new home Berlin. His video diary sheds light on the hopeful start of the theater production, the unexpected turn caused by the pandemic, and the surprising artistic outcome.<\/p>\n<p>With: Rezan Aksoy, \u0130brahim Karc\u0131, Moderation: Bernhard Glocksin<br \/>\nand in the film:<br \/>\nActors: Ela Cosen, Asad Schwarz-Msesilamba<br \/>\nMusic: Frieda Gawenda, A\u015fk\u0131n K\u0131r\u0131m, Eren Payda\u015f, Berivan Ahmad<\/p>\n<p>Direction: Rezan Aksoy<br \/>\nVideo Sound and Editing: \u0130brahim Karc\u0131<\/p>\n<hr \/>\n<div class=\"columns columns-2\" data-columns=\"2\">\n<div class=\"column column-1\">\n<p><strong>Rezan Aksoy<\/strong> was born in Mardin in 1987. In 2014, he founded the Ku\u015fadas\u0131 Municipal Theater in Ayd\u0131n. He worked there as director until 2016. In 2016, he started working at the Kar\u015f\u0131 Sanat Theater. At the end of 2016, when he was in Berlin attending a seminar at the Alice Salomon Hochschule, he was investigated for signing the call &#8220;Theater Creators for Peace.&#8221; Due to the increased political pressure, he was forced to apply for asylum in Germany. In Berlin, he continues his theater work.<\/p>\n<\/div>\n<div class=\"column column-2\">\n<p><a href=\"https:\/\/www.neukoellneroper.de\/wp-content\/uploads\/2021\/01\/C89FAE97DC7543CBAA696DF62621A8A1-1.jpg\"><img decoding=\"async\" loading=\"lazy\"class=\"alignleft size-thumbnail wp-image-7656 square portrait\" src=\"https:\/\/www.neukoellneroper.de\/wp-content\/uploads\/2021\/01\/C89FAE97DC7543CBAA696DF62621A8A1-1-220x178.jpg\" alt=\"\" width=\"220\" height=\"178\" \/><\/a><\/p>\n<\/div>\n<\/div>\n<p>&nbsp;<\/p>\n<div class=\"columns columns-2\" data-columns=\"2\">\n<div class=\"column column-1\">\n<p><a href=\"https:\/\/www.neukoellneroper.de\/wp-content\/uploads\/2021\/01\/Ibo-foto-1.jpg\"><img decoding=\"async\" loading=\"lazy\"class=\"alignleft size-thumbnail wp-image-7661 landscape\" src=\"https:\/\/www.neukoellneroper.de\/wp-content\/uploads\/2021\/01\/Ibo-foto-1-220x178.jpg\" alt=\"\" width=\"220\" height=\"178\" \/><\/a><\/p>\n<\/div>\n<div class=\"column column-2\">\n<p>Originally, <strong>\u0130brahim Karc\u0131<\/strong> is from Adana. Since 2006, he has worked and studied in Finland, Italy, the Czech Republic, and Turkey, and was based in Istanbul for several years until he moved to Germany in 2015 to study in the Gender and Diversity Program at HSRW, combining his field experience with academic methodology.<\/p>\n<p>He is the co-founder of Kopuntu* collective and editor-in-chief of the non-profit online multimedia magazine that reaches thousands of people every month and publishes about migration, gender, identity, environment and diaspora culture. He has lived in Berlin since 2018 and continues to create multimedia content for various media outlets as a freelancer.<\/p>\n<\/div>\n<\/div>\n<hr \/>\n<p><strong>Access to the Online Event via Zoom: <\/strong><br \/>\nAdmission to the event is free, you will receive the access data for Zoom after purchasing a free ticket via our ticket store.<\/p>\n<hr \/>\n<p><em>Photo: \u00a9 Rezan Aksoy<\/em><\/p>\n","protected":false},"excerpt":{"rendered":"<p>Online-Premiere des pandemischen Video-Tagebuchs \u00fcber die Nichtentstehung eines Theaterst\u00fccks mit vorherigem K\u00fcnstlergespr\u00e4ch mit Rezan Aksoy und \u0130brahim Karc\u0131<\/p>\n","protected":false},"featured_media":7624,"parent":0,"template":"","meta":{"_subtitle":"","_locale":"en_US","_original_post":"https:\/\/www.neukoellneroper.de\/?post_type=play&p=7616","_performance_start":"2021-01-30T00:00:00","_performance_end":"2021-01-30T23:59:59","_performance_bilettix_event_id":"","_performance_sales_info":"","_performance_sold_out_info":"","_performance_premiereless":false,"_pinkie_id":0,"_cast":[],"footnotes":""},"event_type":[],"event_format":[58],"class_list":["post-7620","play","type-play","status-publish","has-post-thumbnail","hentry","event_format-online","en-US"],"_links":{"self":[{"href":"https:\/\/www.neukoellneroper.de\/wp-json\/wp\/v2\/play\/7620","targetHints":{"allow":["GET"]}}],"collection":[{"href":"https:\/\/www.neukoellneroper.de\/wp-json\/wp\/v2\/play"}],"about":[{"href":"https:\/\/www.neukoellneroper.de\/wp-json\/wp\/v2\/types\/play"}],"version-history":[{"count":10,"href":"https:\/\/www.neukoellneroper.de\/wp-json\/wp\/v2\/play\/7620\/revisions"}],"predecessor-version":[{"id":7668,"href":"https:\/\/www.neukoellneroper.de\/wp-json\/wp\/v2\/play\/7620\/revisions\/7668"}],"wp:featuredmedia":[{"embeddable":true,"href":"https:\/\/www.neukoellneroper.de\/wp-json\/wp\/v2\/media\/7624"}],"wp:attachment":[{"href":"https:\/\/www.neukoellneroper.de\/wp-json\/wp\/v2\/media?parent=7620"}],"wp:term":[{"taxonomy":"event_type","embeddable":true,"href":"https:\/\/www.neukoellneroper.de\/wp-json\/wp\/v2\/event_type?post=7620"},{"taxonomy":"event_format","embeddable":true,"href":"https:\/\/www.neukoellneroper.de\/wp-json\/wp\/v2\/event_format?post=7620"}],"curies":[{"name":"wp","href":"https:\/\/api.w.org\/{rel}","templated":true}]}}

<p><strong>A pandemic video diary by Rezan Aksoy</strong></p>
<p>We had a plan: Director Rezan Aksoy, Fellow of the <em>Weltoffenes Berlin</em> program, wanted to stage his project<em> ¡Ay Carmela!</em> at the Neuköllner Oper in conjunction with the association Kultur in Vielfalt e.V.. The story of a pair of actors who fall into the hands of fascist troops during the Spanish Civil War and have to play for them was to lay the foundation for Rezan&#8217;s artistic work in the city to which he had to flee as a political persecutee.</p>
<p>But then came Corona. And as an artistic response to that, <a href="https://www.neukoellneroper.de/en/play/zwischenmenschliche-arbeitssysteme-und-andere-liebesgeschichten/">Zwischenmenschliche Arbeitssysteme und andere Liebesgeschichten</a>, a streamed love story in which two artificial intelligences meet in a now-humanless world and discover that they have become more than learning machines.</p>
<p>In conversation with Bernhard Glocksin, Artistic Director of the Neukölln Opera, Rezan first talks about arriving in his new home Berlin. His video diary sheds light on the hopeful start of the theater production, the unexpected turn caused by the pandemic, and the surprising artistic outcome.</p>
<p>With: Rezan Aksoy, İbrahim Karcı, Moderation: Bernhard Glocksin<br />
and in the film:<br />
Actors: Ela Cosen, Asad Schwarz-Msesilamba<br />
Music: Frieda Gawenda, Aşkın Kırım, Eren Paydaş, Berivan Ahmad</p>
<p>Direction: Rezan Aksoy<br />
Video Sound and Editing: İbrahim Karcı</p>
<hr />
<div class="columns columns-2" data-columns="2">
<div class="column column-1">
<p><strong>Rezan Aksoy</strong> was born in Mardin in 1987. In 2014, he founded the Kuşadası Municipal Theater in Aydın. He worked there as director until 2016. In 2016, he started working at the Karşı Sanat Theater. At the end of 2016, when he was in Berlin attending a seminar at the Alice Salomon Hochschule, he was investigated for signing the call &#8220;Theater Creators for Peace.&#8221; Due to the increased political pressure, he was forced to apply for asylum in Germany. In Berlin, he continues his theater work.</p>
</div>
<div class="column column-2">
<p><a href="https://www.neukoellneroper.de/wp-content/uploads/2021/01/C89FAE97DC7543CBAA696DF62621A8A1-1.jpg"><img decoding="async" loading="lazy"class="alignleft size-thumbnail wp-image-7656 square portrait" src="https://www.neukoellneroper.de/wp-content/uploads/2021/01/C89FAE97DC7543CBAA696DF62621A8A1-1-220x178.jpg" alt="" width="220" height="178" /></a></p>
</div>
</div>
<p>&nbsp;</p>
<div class="columns columns-2" data-columns="2">
<div class="column column-1">
<p><a href="https://www.neukoellneroper.de/wp-content/uploads/2021/01/Ibo-foto-1.jpg"><img decoding="async" loading="lazy"class="alignleft size-thumbnail wp-image-7661 landscape" src="https://www.neukoellneroper.de/wp-content/uploads/2021/01/Ibo-foto-1-220x178.jpg" alt="" width="220" height="178" /></a></p>
</div>
<div class="column column-2">
<p>Originally, <strong>İbrahim Karcı</strong> is from Adana. Since 2006, he has worked and studied in Finland, Italy, the Czech Republic, and Turkey, and was based in Istanbul for several years until he moved to Germany in 2015 to study in the Gender and Diversity Program at HSRW, combining his field experience with academic methodology.</p>
<p>He is the co-founder of Kopuntu* collective and editor-in-chief of the non-profit online multimedia magazine that reaches thousands of people every month and publishes about migration, gender, identity, environment and diaspora culture. He has lived in Berlin since 2018 and continues to create multimedia content for various media outlets as a freelancer.</p>
</div>
</div>
<hr />
<p><strong>Access to the Online Event via Zoom: </strong><br />
Admission to the event is free, you will receive the access data for Zoom after purchasing a free ticket via our ticket store.</p>
<hr />
<p><em>Photo: © Rezan Aksoy</em></p>

<p>Online-Premiere des pandemischen Video-Tagebuchs über die Nichtentstehung eines Theaterstücks mit vorherigem Künstlergespräch mit Rezan Aksoy und İbrahim Karcı</p>
